{"id":49,"date":"2026-01-01T15:44:20","date_gmt":"2026-01-01T15:44:20","guid":{"rendered":"http:\/\/127.0.0.1\/wordpress\/?page_id=49"},"modified":"2026-01-01T19:40:36","modified_gmt":"2026-01-01T19:40:36","slug":"news","status":"publish","type":"page","link":"https:\/\/cie-it.de\/index.php\/news\/","title":{"rendered":"News"},"content":{"rendered":"\n<div class=\"wp-block-group is-layout-constrained wp-block-group-is-layout-constrained\"><ul class=\"is-grid columns-2 has-dates has-authors wp-block-rss\"><li class='wp-block-rss__item'><div class='wp-block-rss__item-title'><a href='https:\/\/www.heise.de\/news\/Unternehmen-setzen-KI-ein-und-laufen-bei-der-Governance-hinterher-11262153.html?wt_mc=rss.red.ho.ho.atom.beitrag.beitrag' target=\"_blank\">Unternehmen setzen KI ein und laufen bei der Governance hinterher<\/a><\/div><time datetime=\"2026-04-17T10:51:00+00:00\" class=\"wp-block-rss__item-publish-date\">April 17, 2026<\/time> <span class=\"wp-block-rss__item-author\">by Axel Kannenberg<\/span><\/li><li class='wp-block-rss__item'><div class='wp-block-rss__item-title'><a href='https:\/\/www.heise.de\/news\/DeepL-wird-zum-Echtzeit-Uebersetzer-11262133.html?wt_mc=rss.red.ho.ho.atom.beitrag.beitrag' target=\"_blank\">DeepL wird zum Echtzeit-\u00dcbersetzer<\/a><\/div><time datetime=\"2026-04-17T10:45:00+00:00\" class=\"wp-block-rss__item-publish-date\">April 17, 2026<\/time> <span class=\"wp-block-rss__item-author\">by Andreas Floemer<\/span><\/li><li class='wp-block-rss__item'><div class='wp-block-rss__item-title'><a href='https:\/\/www.heise.de\/news\/Post-zum-Freitag-Strom-ist-teuer-und-Energiewende-nur-fuer-Reiche-oder-nicht-11262062.html?wt_mc=rss.red.ho.ho.atom.beitrag.beitrag' target=\"_blank\">Post zum Freitag: Strom ist teuer und Energiewende nur f\u00fcr Reiche \u2013 oder nicht?<\/a><\/div><time datetime=\"2026-04-17T10:30:00+00:00\" class=\"wp-block-rss__item-publish-date\">April 17, 2026<\/time> <span class=\"wp-block-rss__item-author\">by Michaela Gebauer<\/span><\/li><li class='wp-block-rss__item'><div class='wp-block-rss__item-title'><a href='https:\/\/www.heise.de\/news\/Vorfall-bei-Vision-Pro-Filmproduktion-Toedlicher-Crash-in-Jordanien-11262221.html?wt_mc=rss.red.ho.ho.atom.beitrag.beitrag' target=\"_blank\">Vision-Pro-Immersive-Video: Pilotin stirbt bei Absturz<\/a><\/div><time datetime=\"2026-04-17T10:10:00+00:00\" class=\"wp-block-rss__item-publish-date\">April 17, 2026<\/time> <span class=\"wp-block-rss__item-author\">by Ben Schwan<\/span><\/li><li class='wp-block-rss__item'><div class='wp-block-rss__item-title'><a href='https:\/\/www.heise.de\/news\/YubiKey-Manager-Sicherheitsluecke-ermoeglicht-Ausfuehrung-untergeschobenen-Codes-11262018.html?wt_mc=rss.red.ho.ho.atom.beitrag.beitrag' target=\"_blank\">YubiKey Manager: Sicherheitsl\u00fccke erm\u00f6glicht Ausf\u00fchrung untergeschobenen Codes<\/a><\/div><time datetime=\"2026-04-17T10:09:00+00:00\" class=\"wp-block-rss__item-publish-date\">April 17, 2026<\/time> <span class=\"wp-block-rss__item-author\">by Dirk Knop<\/span><\/li><\/ul><\/div>\n","protected":false},"excerpt":{"rendered":"","protected":false},"author":1,"featured_media":0,"parent":0,"menu_order":1,"comment_status":"closed","ping_status":"closed","template":"","meta":{"footnotes":""},"class_list":["post-49","page","type-page","status-publish","hentry"],"_links":{"self":[{"href":"https:\/\/cie-it.de\/index.php\/wp-json\/wp\/v2\/pages\/49","targetHints":{"allow":["GET"]}}],"collection":[{"href":"https:\/\/cie-it.de\/index.php\/wp-json\/wp\/v2\/pages"}],"about":[{"href":"https:\/\/cie-it.de\/index.php\/wp-json\/wp\/v2\/types\/page"}],"author":[{"embeddable":true,"href":"https:\/\/cie-it.de\/index.php\/wp-json\/wp\/v2\/users\/1"}],"replies":[{"embeddable":true,"href":"https:\/\/cie-it.de\/index.php\/wp-json\/wp\/v2\/comments?post=49"}],"version-history":[{"count":3,"href":"https:\/\/cie-it.de\/index.php\/wp-json\/wp\/v2\/pages\/49\/revisions"}],"predecessor-version":[{"id":52,"href":"https:\/\/cie-it.de\/index.php\/wp-json\/wp\/v2\/pages\/49\/revisions\/52"}],"wp:attachment":[{"href":"https:\/\/cie-it.de\/index.php\/wp-json\/wp\/v2\/media?parent=49"}],"curies":[{"name":"wp","href":"https:\/\/api.w.org\/{rel}","templated":true}]}}